 - 13. Let i be f(-2). Suppose -26*o + 3601 = i. What are the prime factors of o?
5, 23
Let p = 329 + -321. Let u(m) = 67*m + 51. What are the prime factors of u(p)?
587
Let p = -42 + 42. Suppose 5*x = 2*k - 6, -5*k + 3*x + 8 + 7 = p. Suppose -k*j + 148 = -j. List the prime factors of j.
2, 37
Let a(v) = 2*v - 1. Let w(z) = 10*z + 54. Let h(k) = -2*k**2 - k + 1. Let u be h(0). Let n(b) = u*w(b) - 2*a(b). List the prime factors of n(19).
2, 5, 17
Let z(o) = -5*o - 5. Let u be z(-1). Let h be (u - 12)*723/(-6). Suppose 0 = -2*j - 4*j + h. What are the prime factors of j?
241
Suppose 0 = 4*w + v - 9 + 5, 5*w + 5*v = 20. Suppose -a - 4 + w = 0. What are the prime factors of (48/2)/(-2 + (-11)/a)?
2
Let s(z) = 2*z**2 + 6*z - 28. Let g be s(-8). Let b(q) = q - 2. Let r be b(2). Suppose 2*c - c - g = r. List the prime factors of c.
2, 13
Let w = 84 - 77. Suppose 0 = -5*b + 3*c + 554, 0 = -w*b + 6*b - 2*c + 103. List the prime factors of b.
109
Let a be -7 - (31902 + -7)/(-5). Suppose -a = -31*v + 22*v. List the prime factors of v.
2, 3, 59
Let n(f) = -40*f + 75. Let y be (-13)/(-26)*(2 - 16). What are the prime factors of n(y)?
5, 71
Let x(r) be the first derivative of 19*r**5/40 + 7*r**4/24 - 35*r**3/3 - 37. Let p(k) be the third derivative of x(k). What are the prime factors of p(4)?
5, 47
Let t = 2060 - 433. Suppose 9*j - t = 974. List the prime factors of j.
17
Let s(v) be the second derivative of -9*v**5/20 + v**4/2 - v**3/2 + 16*v**2 + 17*v - 4. What are the prime factors of s(-5)?
2, 661
Let i(y) = 1 - 8 + 2*y**2 - y**2 - y - 2. Let q be i(4). Let u(f) = 14*f**2 + 7. List the prime factors of u(q).
7, 19
Let m be -8 + 6 + (-7 - -9). Suppose m = -9*o + 49 + 3272. What are the prime factors of o?
3, 41
Suppose 403533 = 107*c - 20406 + 9100. What are the prime factors of c?
3877
Let y(f) = 3780*f - 2008. List the prime factors of y(4).
2, 11, 149
Let h = 17556 + 16786. What are the prime factors of h?
2, 7, 11, 223
Let l be (-4)/(-12) + 9728/3 - 2. Suppose l = 16*i - 4103. Let o = -176 + i. List the prime factors of o.
283
Suppose 0 = 2*u + 24*u - 251842 + 100860. What are the prime factors of u?
5807
Let b(d) = -d**3 + d**2 + 10*d + 1. Let k be b(-3). Suppose 4*o - 1452 = -4*z, -k*o + 1822 = 5*z - 9*o. What are the prime factors of z?
2, 7, 13
Suppose -64 = -4*v - 40. Let j(r) = -r**2 - 2*r + 4. Let u be j(1). List the prime factors of u/3 - (-508)/v.
5, 17
Suppose -676 + 685 = -3*u. List the prime factors of ((-5018)/(-39))/((-2)/9*u).
193
Let z(h) = -6915*h - 1900. What are the prime factors of z(-6)?
2, 5, 37, 107
Let k(o) be the second derivative of 5/2*o**2 - 6*o + 0 + 2/3*o**3 + 1/20*o**5 + o**4. List the prime factors of k(-10).
3, 5, 11
Let r be 2447*(1 + 0 + -3) - 4. Let h = r + 2909. What are the prime factors of (h/18)/(2/(-4))?
13, 17
Let y be (-5)/2*(5 + -7). Let u(g) = 2*g - 6. Let j be u(y). Suppose f - 135 + 29 = -3*v, 508 = 5*f + j*v. List the prime factors of f.
2, 5
Let y = 7104 - 5854. List the prime factors of y.
2, 5
Suppose -21*n = 39*n + 68*n - 4023168. What are the prime factors of n?
3, 10477
Let l(a) = 259*a**2 + a. Let d = -200 - -201. List the prime factors of l(d).
2, 5, 13
Let h(p) = 2*p**2 + 10*p + 2. Suppose 4*i + 3*u - 88 = 0, 2*u = -i - u + 31. Suppose -4*b - 4 = 0, -5*b + i = 4*q + 64. What are the prime factors of h(q)?
2, 3, 17
Let d = -16 - -62. Suppose r + 20 = d. Suppose -w + r + 1 = 0. List the prime factors of w.
3
Let i(u) = -8*u - 25. Let s be i(-9). Let n be 16/(-120) + s/15. Suppose -t = 4*w - 599, -t - 295 = w - n*w. What are the prime factors of w?
149
Let z be 1/1 + (2 + 0 - -29). Suppose o + z - 5 = 0. Let v = 155 - o. What are the prime factors of v?
2, 7, 13
Let l be (-2*(-1)/6)/((-2)/18). Let r be l + 3 + (-575)/(-5). Suppose -4*m + r = 4*u - 341, -354 = -3*u + m. List the prime factors of u.
3, 13
Let k(l) = 200*l**2 + 2*l. Let t be 2/((-196)/(-231) + 6/(-33)). Suppose 0 = -t*a - m + 2, 2*a + m - 2 = 1. What are the prime factors of k(a)?
2, 3, 11
Let p(q) = q**3 - 15*q**2 + 15*q - 14. Let t be p(14). Suppose -3*w = -5*l + 2*l + 825, -2*w + 6 = t. List the prime factors of l.
2, 139
Suppose -2*l = 4*t - 4044, -475*l + 473*l + 4045 = 3*t. List the prime factors of l.
2, 11, 23
Let k(q) = 1521*q + 2238. What are the prime factors of k(8)?
2, 3, 7
Suppose -4*m = -35*f + 36*f - 8161, 3*m - 2*f - 6118 = 0. Suppose -2*o = o - 5*c - m, o - 2*c = 679. List the prime factors of o.
5, 137
Let w(g) = 3*g + 36. Let r be w(-12). List the prime factors of r + -3 + 43 - 5.
5, 7
Suppose -256 = -4*t + 4*q, -t + 4*q = 4*t - 321. Let y = t + -50. List the prime factors of y*(3/(-7) + 449/35).
2, 3, 31
Let c(a) = 391*a + 4788. List the prime factors of c(20).
2, 197
Let r(a) be the second derivative of a**5/20 + 5*a**4/4 - a**3/6 - 6*a. Let o be r(-11). What are the prime factors of o/(-10)*6/(-9)?
3, 11
Let z = 6924 + -3959. Suppose 0 = 5*u - 5*q - z, 0 = u + 4*q - 690 + 117. What are the prime factors of u?
19, 31
Let c = -11677 + 35118. What are the prime factors of c?
11, 2131
List the prime factors of 2905/21*228/95.
2, 83
Let w(m) = -2*m + 36. Let n be w(-17). Suppose -197 = -u + 2*v - n, 3*u = -v + 409. Let h = u - 94. What are the prime factors of h?
41
Let q(u) = -u**3 - 11*u**2 + u - 26. Let h be q(-13). Let d = 504 - h. List the prime factors of d.
5, 41
Let h = 23253 - 10177. What are the prime factors of h?
2, 7, 467
Let l(b) = b. Let h(o) = -129*o + 6. Let t(n) = -3*h(n) + 6*l(n). Let p be t(3). Suppose -5*c - 21 = -p. What are the prime factors of c?
2, 3, 19
Let t be (3/(-12))/(4/(-664))*-6. Let u be (-9)/(-5) + 16/(-20) - t. Suppose 0 = -2*d + u - 14. List the prime factors of d.
2, 59
Suppose -4*m - y + 5901 + 1964 = 0, -5*y = -4*m + 7883. Let v(u) = -1972 + m + 8*u + 3*u. What are the prime factors of v(5)?
2, 5
Let w(b) = b**2 + 21*b - 70. What are the prime factors of w(98)?
2, 3, 7, 23
Suppose 30*r - 58075 = 7*r. Let n = r - 738. List the prime factors of n.
1787
Suppose 4*l - 18 + 10 = 0. Suppose l*x - s = 109, -114 = 4*x - 6*x - 4*s. List the prime factors of x.
5, 11
Let t(c) = 4*c**3 + 10*c**2 - 5*c + 9. Let w be t(8). Let q = w - 4889. What are the prime factors of 0 - 3 - q/16*2?
2, 3, 23
Let m(s) = s + 6. Let r be m(-4). Let g be r/4*-2*(-5 + 1). Suppose c - 53 = -2*y + g*c, y - 26 = 2*c. List the prime factors of y.
2, 7
Suppose 6*l = 2*l + 168. Suppose -o - 2*w = 61, -3*o + l - 170 = -5*w. Let p = 61 - o. List the prime factors of p.
2, 7
Let l = 138 + -58. Let w = -66 + l. List the prime factors of w.
2, 7
Suppose 64*q = 69*q. Suppose 0*r - 3*r + 1707 = q. List the prime factors of r.
569
Let c(j) = 15*j**2 - 20*j - 15. Let a be c(-10). Suppose 0 = -10*o + a + 225. Suppose -417 - o = -4*g. What are the prime factors of g?
2, 19
Let u(i) = -i - 15. Let h be u(-24). Let z be (4365/h)/((-2)/(-2)). Suppose -4*k = k - z. List the prime factors of k.
97
Suppose 2*y = 3*k + 3704, 5*k = k - 16. What are the prime factors of 5/(10/(-9))*y/(-39)?
3, 71
Let a = 22 - 21. List the prime factors of -5 - -2*a*526/4.
2, 3, 43
Let l(p) be the third derivative of 1/30*p**5 - 5/12*p**4 + 0*p**3 + 14*p**2 + 0 + 0*p. List the prime factors of l(10).
2, 5
What are the prime factors of 326/8*(26 + (13 - 9) - 14)?
2, 163
Let c = 3166 + 30201. List the prime factors of c.
61, 547
Suppose -19 = -2*b + 7. Suppose -699 + 2402 = -b*t. Let x = 287 + t. List the prime factors of x.
2, 3, 13
Suppose 0 = 3*j - 4*v - 66336, 0 = j - 3*v - 7064 - 15038. What are the prime factors of j?
2, 5, 7, 79
Let k = 3289 - -62137. List the prime factors of k.
2, 32713
Suppose -6*j + 84937 = -3*j - 30617. What are the prime factors of j?
2, 19259
Let u(f) = f**2 + 13*f + 39. Let n be u(-10). Suppose n*y = y + 4400. What are the prime factors of y?
2, 5, 11
Let m be -331*3 + (1 - -5)/6. Suppose -12*h + 12 = -15*h. List the prime factors of (3/h)/((-2972)/m + -3).
2, 3, 31
Suppose -2*o = -6*o - 5*b + 99, -3*b - 77 = -2*o. Let c = o + 36. List the prime factors of c.
67
Suppose -4*r + 20 = -6*r. Let t = r - -13. List the prime factors of (279/4)/(t/8).
2, 3, 31
Let s be 6 + ((-109043)/(-207) - 4/(-18)). Suppose 3*d = 4*d, w - d = s. List the prime factors of w.
13, 41
Let r(n) = -n**3 - 2*n**2 + n. Let v be r(-3). Suppose 53